 is divided by f?
133
Let u = -138 + 109. Let z(d) = d**3 + 30*d**2 + 28*d - 3. Calculate the remainder when z(u) is divided by 6.
2
Let p = -203 + 143. Let u be 36/((2/(-6))/(10/p)). What is the remainder when 44 is divided by 9/u*-8*3/(-2)?
2
Suppose 20 = 19*s - 15*s. Suppose 5*g = -3*y - 23, 8*y - s*y + g + 7 = 0. Calculate the remainder when -5 - (-22 + (-5 - y)) is divided by 6.
3
Suppose 168 = 213*g - 201*g. What is the remainder when 125 is divided by g?
13
Let z = 290 - -45. Suppose 95 = -25*u + 1053 + 92. Calculate the remainder when z is divided by u.
41
Let l(i) be the first derivative of 5*i**2/2 - 10*i + 18. Let c be l(5). Suppose -2*g + c = g. Calculate the remainder when 13 is divided by g.
3
Let h be (33/(-11) - (0 + -1)) + 915. Suppose 152 = -912*k + h*k. Calculate the remainder when k is divided by 52.
48
Let l be 12/(-7) + 6/(-21). Let i be (l - 4/(-2))/(-7 - -5). Suppose i*w - 7*w = -105. Calculate the remainder when w is divided by 3.
0
Calculate the remainder when 724 is divided by (-1268)/(-12) - (-1 + (-18)/(-27)).
88
Suppose -q = 146 - 158. Let x = 365 - 222. Calculate the remainder when x is divided by q.
11
Suppose 0 = -5*u - 5*u. Suppose u = -12*y - y. Suppose 96 = 4*t - y*t. What is the remainder when t is divided by 19?
5
Let x = -3941 + 4979. What is the remainder when x is divided by 13?
11
Let c be 3*(5 - -9) - 7. What is the remainder when ((-12)/(-15) - 1) + 3682/c is divided by 88/5 - (-2)/5?
15
Suppose 3*t = -o + 109, 3*o = t - 5 - 48. Suppose -22*c - 156 = -24*c. Let a = c - 57. Calculate the remainder when t is divided by a.
17
Let x(z) = z**2 - 4*z - 1056. Calculate the remainder when 553 is divided by x(42).
13
Let x(c) be the third derivative of -7*c**4/24 + 17*c**3 + c**2 - 29*c. Calculate the remainder when x(6) is divided by 31.
29
Let q(w) = 10*w**3 - 117*w**2 - 12*w + 61. What is the remainder when q(12) is divided by 185?
164
Let c(m) = -2*m**2 - 241*m - 2913. What is the remainder when c(-97) is divided by 815?
16
Suppose 433 = 3*i - 7*m, -m = -3*i - 5*m + 521. What is the remainder when 677 is divided by i?
25
Let g(n) = n**2 + 17*n - 8. Let u be g(-17). Let i be -42*(2 + u/6). What is the remainder when 4 + 1 + -2 - i is divided by 11?
9
Let y = 4 - -12. Suppose y - 34 = -6*f. Calculate the remainder when 6/4 - 99/(-6) is divided by f.
0
Let l(n) = 28*n + 83. Suppose 5*c + 10 = 3*m, 2*c + 0*m + 4 = -m. Calculate the remainder when l(c) is divided by 7.
6
Suppose -3*g - 659 - 658 = -5*s, 3*s = -4*g + 825. Calculate the remainder when s is divided by 56.
43
Let y = 11262 - 10857. Calculate the remainder when y is divided by 14.
13
Suppose -a = -0*a - k - 231, -k = a - 227. Suppose 0 = a*u - 217*u - 384. What is the remainder when 541 is divided by u?
29
Let h = 327 - 233. Let q = h - 89. Suppose -3*n = -5*u + 813, q*u + 3*n - 837 = -0*n. Calculate the remainder when u is divided by 56.
53
Let c be (5 - 17 - -1)/(0 + -1). Suppose -2*g - 540 = -c*g. What is the remainder when 110 is divided by g?
50
Suppose 0 = -3*m + 66 + 55 - 28. Calculate the remainder when 586 is divided by m.
28
Suppose -5*x = -3*b + 375, 5*x + 519 = -3*b + 954. Let c = -26 + -4. Let j = c + 65. What is the remainder when b is divided by j?
30
Let a = 50125 - 50102. What is the remainder when (-1 - -3) + 131 + 1 is divided by a?
19
Let d(b) = -17*b**3 - 85*b**2 - 41*b - 178. What is the remainder when -4*((-201)/(-2))/(-3) is divided by d(-5)?
26
Suppose 21*l = 636 - 279. What is the remainder when 9213 is divided by l?
16
Let j(m) = m + 19. Let g be j(-17). Suppose -355 = -g*t - 3*t. Let o = t + -14. What is the remainder when o is divided by 15?
12
Let c = -39 - -60. Let o = 1144 - 1088. Calculate the remainder when o is divided by c.
14
Let t = -45 - -230. Suppose -t = -h - 90. Calculate the remainder when h is divided by 11.
7
Let z be (-13)/91 - 29/(-7). Suppose -2*v - 62 = -4*m + 2*m, -z*v - 153 = -5*m. Let t(y) = -15*y + 6. Calculate the remainder when t(-11) is divided by m.
26
Let l(u) = -5*u + 38. Let t be l(6). Suppose 207 = t*k + 31. Calculate the remainder when 82 is divided by k.
16
Let n = -1363 + 1381. What is the remainder when 111 is divided by n?
3
Suppose -10*i + 93 - 53 = 0. Suppose 42 = 4*t - 4*m - 2, 3*m = i*t - 46. What is the remainder when 256 is divided by t?
9
Suppose -91*x - 28 = -93*x. Let n be (x/(-21)*3*3)/2. Calculate the remainder when 62 is divided by 2*10 - (n - -4)/(-1).
20
Let x(r) = -r**3 + 17*r**2 - 7*r + 11. Let m = -87 + 103. What is the remainder when x(m) is divided by 32?
27
Suppose 5*u - 136 - 79 = 0. Suppose -8*o + 2*j - 338 = -12*o, 3*o - 2*j = 236. Calculate the remainder when o is divided by u.
39
Suppose p = 2*j - 19, -3*j = -4*p - 17 - 39. Let w = p + 15. What is the remainder when 37 is divided by 80/w - (-5 + 6)?
18
Suppose 0 = 2*q - 0 - 8. Calculate the remainder when 54 is divided by -44*(((-6)/q - -5) + -4).
10
Let n(o) = 11*o**3 - 45*o**2 + 21. What is the remainder when n(6) is divided by 56?
49
What is the remainder when 499 is divided by (-24 - 2)*(13 + (-279)/18) - 0?
44
Suppose 291 = 13*l - 125. Let a = l - -77. Calculate the remainder when a is divided by 38.
33
Suppose -3 = -5*d + 17. Suppose 2*f - 786 = d*w, -5*w + 766 = 2*f - 4*w. Suppose 0*r = -7*r + f. Calculate the remainder when r is divided by 19.
17
Let i(f) = -f**2 + 51*f + 1007. Calculate the remainder when i(53) is divided by 11.
10
Let g(z) = 40*z**2 - 77*z - 76. Calculate the remainder when 60 is divided by g(-1).
19
Suppose 4*r - 121 = 5*q, 4*r - 106*q = -109*q + 81. What is the remainder when 2005 is divided by r?
13
Let g = -2438 - -2471. What is the remainder when 162 is divided by g?
30
Let a(g) = g**2 + 24*g + 6. Let w be a(5). Let h = w - 142. Calculate the remainder when ((-2)/(-2))/(8/136) is divided by h.
8
Let a be (62 + -1)/1*1. Suppose 0 = -2*c - h + 39, h + a = c + 2*c. Calculate the remainder when 198 is divided by c.
18
Let d(l) = -l**3 + 17*l**2 - 41*l - 12. Let b be d(14). Suppose -3*j + 56 = -b*r, 0*r - r + 5 = 0. Calculate the remainder when 46 is divided by j.
2
Suppose -6 + 2 = i + 5*p, -2*i - p = -10. What is the remainder when (i - (5 - -1)) + 29 is divided by (-2)/4 + 33/6?
4
Suppose -170*j = -171*j + 2, 2*m - 2*j = 1104. Calculate the remainder when m is divided by 23.
2
Let r(i) = i**2 - 14*i - 73. Let p be r(18). Let c(m) = -m + 20. Calculate the remainder when c(p) is divided by 11.
10
Suppose 942 + 3193 = 77*r + 285. What is the remainder when 2494 is divided by r?
44
Let p(d) = -d**3 - 13*d**2 - 28*d - 170. Calculate the remainder when 1911 is divided by p(-12).
19
Let c(r) be the third derivative of 5*r**4/3 - 41*r**3/6 + 4*r**2. Calculate the remainder when c(7) is divided by 24.
23
Let a = -12 - -131. What is the remainder when a is divided by 11 + (3 - -3) + -6 - 6?
4
Suppose r = a - 6, -4*a + 10 = -a + r. Suppose 0*c + 3 = -c, 2*t = a*c + 316. What is the remainder when t is divided by 31?
28
Let t(q) = 5*q**2 - 7*q - 6. Calculate the remainder when 2533 is divided by t(-1).
1
Suppose 3*r - 140 = -0*s - 2*s, 0 = 2*s + 5*r - 156. Calculate the remainder when 211 is divided by s.
37
Suppose 0 = -3*t - 2*s + 241, 4 = -4*s + 12. Suppose 213 = 49*c - 767. What is the remainder when t is divided by c?
19
Suppose -1005 = -4*p + l, -p + 5*l + 114 + 104 = 0. Calculate the remainder when p is divided by 31.
5
Let j be (-46)/(-6) - (66/(-9))/(-11). Suppose -i + j = 5*p, -i = -9*p + 4*p - 7. What is the remainder when 97 is divided by i?
6
Suppose -5 = -3*m + 2*m. Suppose 3*c + 78 = 4*z + 6*c, -4*z + 3*c = -66. Suppose -m*s = -z - 47. What is the remainder when s is divided by 5?
3
Let x be (-424)/14 - 2/(-7). Let q = -21 - x. Let g(o) = o**2 - 9*o + 12. Calculate the remainder when 46 is divided by g(q).
10
Suppose -a + 1192 = 126. Let v = -754 + a. What is the remainder when v is divided by 102?
6
Let y(w) = -w**3 + 11*w**2 - 10*w + 12. What is the remainder when 80280/280 - 4/(-14) is divided by y(10)?
11
Suppose 0 = -19*v + 3579 + 1779. Suppose 0 = -45*g + 51*g - v. What is the remainder when g is divided by 12?
11
Let x = -24 + 79. Let p be 22/((8/10)/(36/90)). Suppose -l + x = p. What is the remainder when 175 is divided by l?
43
Let h = 4 - 3. Calculate the remain